its digit of i?
5
Suppose 3*c = 4*f + 63818, 4*c = 9*f - 7*f + 85084. What is the thousands digit of c?
1
Let s(x) = 4*x + 6. Let m(z) = 5*z + 7. Let j(o) = -6*m(o) + 4*s(o). What is the tens digit of j(-15)?
9
Let m(q) be the second derivative of -2*q**3/3 - 7*q**2 - 18*q. Let v be m(-4). Suppose -4*u = -20, -2*u = v*l - 0*l - 42. What is the tens digit of l?
1
Let l(z) = z**2. Let d be l(-2). Suppose -d*g = 4*f - 24, 8*g = 3*g - 10. Suppose -157 = -3*y + f. What is the units digit of y?
5
Suppose -2*u = y - 109, -12 = -y + 5*y. Suppose u = 2*h + 6*h. Suppose 5*l + h*l = 2952. What is the tens digit of l?
4
What is the tens digit of ((-4)/30*582*1)/(4/(-370))?
7
Suppose -3*y + 3383 = 3*y - 79453. What is the ten thousands digit of y?
1
Suppose -6*a + 1834 = -2072. Suppose -64 = -5*m + a. Suppose -3*q = -5*h - m, -5*q + 234 - 9 = -5*h. What is the tens digit of q?
4
What is the thousands digit of (576*17 + 1)/((112/14)/16)?
9
Let x(b) = 1331*b**3 - 159*b**2 + 631*b + 5. What is the ten thousands digit of x(4)?
8
Suppose 150597 = 5*s + 256*s. What is the tens digit of s?
7
Let i = 49 - 49. Suppose o + 5*n + 48 = 0, 3*o - 5*n + 130 + 94 = i. Let c = -28 - o. What is the tens digit of c?
4
Let i(a) = -313*a + 1968. What is the hundreds digit of i(-30)?
3
Suppose -2*f + 6534 = -24*f. Let h = 861 + f. What is the hundreds digit of h?
5
Suppose 637 = 7*k - 917. Suppose 12*b - k = 2274. What is the hundreds digit of b?
2
What is the units digit of ((-17)/(-34))/(1/5820)?
0
Let t be -9 - (-17)/(68/512). Suppose -112*h + t*h = 3416. What is the tens digit of h?
8
Suppose 4*v = 9 + 3. Suppose -v*u + u + 692 = 0. Suppose -4*s = -u - 266. What is the units digit of s?
3
Let y(r) = 9 - 20 + r + 36. Let v = 29 - 16. What is the tens digit of y(v)?
3
What is the units digit of 26242*2/12 - (-49)/21?
6
Suppose 910114 + 1205274 = 44*m. What is the tens digit of m?
7
Let l be 4/10 - 117/(-45). Suppose 202 = v - x, 2*v - l*x - 323 = 78. What is the tens digit of v?
0
Suppose 2*f + 2*v = -v + 108, -3*f - 4*v = -163. Let r = 274 - f. What is the tens digit of r?
1
Let j = 189 - 171. Suppose -24*b + j*b = -8448. What is the units digit of b?
8
Let r be 1 - 3*(-5)/((-15)/(-4)). Let f(v) = 31*v**2 + 2*v + 18. What is the units digit of f(r)?
3
Suppose 59*y = 56*y + 15. Suppose y*h = 15 + 5. Suppose -2*z + 858 = h*i, 0 = -5*z - 2 - 3. What is the hundreds digit of i?
2
Let w = 2493 + -1413. Suppose 4*g = 0, 305 = 5*s - 2*g - w. What is the hundreds digit of s?
2
Suppose -45*t - 13142 + 106578 = -100334. What is the hundreds digit of t?
3
Suppose -3*f = 4*t - 13444, 5*f - 7165 = -4*t + 6279. What is the hundreds digit of t?
3
Suppose -26*i + 17430 + 236283 + 112965 = 0. What is the thousands digit of i?
4
Let l(i) = 66*i + 5. Suppose -3 + 7 = 4*w. What is the units digit of l(w)?
1
Let z be 52*11/(-22)*(1 + 0). Let s be 1/4 + (-333)/(-12). Let g = z + s. What is the units digit of g?
2
Suppose 122691 = 130*i - 119*i + 2934. What is the thousands digit of i?
0
Let k = -33 + 34. Let d(s) = -175*s**2. Let y be d(k). Let m = -113 - y. What is the tens digit of m?
6
Suppose 0 = -5*n + 243 + 97. Suppose -40*c + 16*c - 456 = 0. Let u = n + c. What is the tens digit of u?
4
Let b be (6/(-18))/((-2)/12). Let l(g) = -6 - 14*g + 12*g + g**b - 1. What is the units digit of l(-5)?
8
Suppose 158 = 39*s - 37. Suppose -s*x + 3*x = 4*t - 108, -x = -5*t - 47. What is the units digit of x?
2
Let h(f) = f**2 - 6*f - 10. Suppose -10*w = -6*w - 32. Let s be h(w). What is the tens digit of ((-9)/s)/(3/(-114))?
5
What is the hundreds digit of ((-678175)/(-75) - 7)/((-2)/(-9))?
6
Let r = -10229 - -19561. What is the thousands digit of r?
9
Let p = -5235 + 2789. Let x = 3696 + p. What is the units digit of x?
0
Suppose -w - m = 4*w + 148, -5*w - 156 = -3*m. Let r = w - -38. Suppose d + 5*i = r, 2*i - 86 = -0*d - 5*d. What is the tens digit of d?
1
Let k be ((-13027)/21)/(2/3 + -1). Let t = -1031 + k. Suppose -6*m + t = 104. What is the units digit of m?
1
Let b(m) = 6493*m - 282. What is the tens digit of b(4)?
9
Suppose -7*x - i = -2*x + 2, -4 = 3*x + 2*i. Suppose 4*b + 1 - 5 = x. What is the tens digit of b/((5/335)/1)?
6
Suppose d - 453 = -2*a, -80 + 1214 = 5*a + 4*d. Suppose 0 = -5*f + 279 + a. Suppose w + 2*j + 14 = f, 4*j - 255 = -3*w. What is the tens digit of w?
8
Suppose 0 = -9*b + 5*b + 2*v - 22, 5*v = 15. What is the tens digit of b + 184/40 + 527/5?
0
Suppose -11*l + 8*l = -6, 4*l = -t + 14. Let j(h) = 11*h**2 - 7*h - 3. What is the tens digit of j(t)?
5
Suppose 16*o + 96 = 12*o. What is the tens digit of 8/12 + (-42032)/o?
5
Let m(a) = -7*a**2 + 10*a - 34. Let d be m(6). Let u be (d/(-5))/(2/10). Suppose 9*s = 4*s - 10, s + u = 4*i. What is the units digit of i?
6
What is the tens digit of (-1701)/(-405)*10010/6?
0
Suppose 33*g - 71*g = -270370. Suppose 5 = -n, 9*n - 5*n = -5*j + g. What is the thousands digit of j?
1
Suppose 3*g - 50150 = -2*w, -2*g + 57*w + 33446 = 52*w. What is the hundreds digit of g?
7
Suppose -3*c = -7*c - 2*m, -4*m = -3*c. Suppose c = -18*w + 17*w + 4*p + 58, 34 = w + 4*p. What is the units digit of w?
6
Let v = -18851 + 28390. What is the units digit of v?
9
Let a(x) = -17*x**3 - 3*x**2 + 3*x. Suppose -26 = -25*q - 76. What is the hundreds digit of a(q)?
1
What is the thousands digit of (-50)/2*(9 - (-7424)/(-40))?
4
Let r = 14573 + -7224. What is the tens digit of r?
4
Let d(m) = m**3 - 9*m**2 + 11*m + 16. Let a be d(10). Let y = a + -45. What is the hundreds digit of y?
1
Let y = 19633 - -15459. What is the units digit of y?
2
Let t = 93 + -53. Suppose -l + 6*l = t. Suppose -11*p + l*p = -27. What is the units digit of p?
9
Let j = 1076 + -1076. Let b be -21*(0/(-1) - 1). Let d = b - j. What is the tens digit of d?
2
What is the units digit of 3 + (-7 - -4995 - 18)?
3
Suppose -171659 = -10*h + 78*q - 79*q, -68669 = -4*h - q. What is the tens digit of h?
6
Let t(u) = 77*u**2 - u + 1. Suppose 0 = 21*k - 17*k - 8. Suppose -4 = 3*o + 8, -k*o = -4*j + 12. What is the units digit of t(j)?
7
Let s = -35901 + 69673. What is the units digit of s?
2
Let v(d) be the first derivative of 11/4*d**4 - d**2 - 10 + 10*d - 4/3*d**3. What is the hundreds digit of v(3)?
2
Let t(l) be the second derivative of l**4/3 - l**3 - 5*l**2/2 + 3*l. Let u(z) = 5*z - 223. Let g be u(44). What is the tens digit of t(g)?
4
Let d = -12184 + 40658. What is the ten thousands digit of d?
2
Let x(g) = 2*g**2 + 13*g - 20. Let d be x(11). Let o = 524 - d. What is the tens digit of o?
5
Suppose -16 = -4*t - 4*w, 5*t + 2*w = 4*t - 1. What is the hundreds digit of (8 - -1)*129/(t - 6)?
3
Suppose 152*i + 81*i = 20897304. What is the ten thousands digit of i?
8
Let v(q) = q**3 - 29*q**2 - 31*q + 65. Let z be v(30). Suppose -57584 = -24*a - z*a. What is the tens digit of a?
7
Let g = -30 - -41. Let w = -14 + g. What is the units digit of w*(5 - 26/3)?
1
Suppose -70895 = -5*f + 5*n, 153*n - 157*n + 28328 = 2*f. What is the thousands digit of f?
4
Let o(w) = w**2 - 15*w + 30. Let l be o(13). Let v(y) = 7*y**3 - y**2 - 7*y + 9. What is the units digit of v(l)?
3
Let b(s) = -4*s**3 + 24*s**2 - 8*s + 2. Let o be b(7). Let q = 369 + o. What is the tens digit of q?
1
Suppose -2*j + 3*g = -13735, 2*g + 502 = 3*j - 20103. What is the units digit of j?
9
Let g(v) = -19*v + v**2 + 15*v - 2*v + 4. Let r be g(0). Suppose 0 = t + r*p - 71 - 37, -4*p = 3*t - 348. What is the units digit of t?
0
Suppose 2*y = 3*f - 6, 0*f = 3*f - 12. Suppose -4*o = -y*t - 146 + 771, 5*t + 3*o = 1061. What is the units digit of t?
1
Let l be 0/(-4) - (-5 + 1). Suppose 24 + l = 2*o. What is the units digit of o - 5/((-15)/6)?
6
Suppose 4962 = 3*m + f, 38*f + 8280 = 5*m + 43*f. What is the tens digit of m?
5
Suppose 5*w - 111320 = 3*j, -32*j + 34*j = -5*w + 111345. What is the tens digit of w?
6
Suppose 3*f - 24294 = -5*l, 2*l - 13272 = -3*f + 11022. What is the hundreds digit of f?
0
Let w(p) = 2*p**3 - 36*p**2 - 5*p + 119. What is the tens digit of w(19)?
4
Let i(w) = 47*w + 52. Let l = -637 + 644. What is the tens digit of i(l)?
8
Let m(r) = 2*r**3 - r**2 + 13*r - 28. Suppose 10*f = 5*f - 5*l + 25, -25 = -5*f + 3*l. What is the tens digit of m(f)?
6
Suppose 2*l = -22*x + 26*x + 10262, -3*x - 20519 = -4*l. What is the hundreds d